*2 + 2*y + 5 + 18*y**3 - 3*y**2 - 19*y**3. Let h be g(-5). Is 739*(h/12)/((-6)/(-36)) prime?
True
Suppose -184*a + 205*a = 2051133. Is a prime?
True
Suppose 0 = -29*b + 4*b + 15*b + 1972670. Is b a prime number?
False
Suppose 2*j = 3*v + 82849, 665*j + 5*v = 669*j - 165701. Is j a composite number?
True
Let q(z) = -108469*z - 705. Is q(-4) a composite number?
True
Let c = 108578 - -27689. Is c composite?
True
Is ((-19 + 9)/10)/((-3)/118317) a composite number?
False
Let q(z) = 52*z**2 - 440*z - 6273. Is q(-14) composite?
False
Let m = 260 - 257. Suppose 0*l - 423 = -m*l. Is l composite?
True
Let u(x) = -6*x**2 - 4*x. Let g be u(-1). Is 12/(-4) - g*10145 a prime number?
True
Suppose -x = 2*y - 162113, 156963 = x - 5*y - 5115. Is x composite?
True
Suppose -15*z + 252 = -22*z. Is (-18)/z*2*25385 a composite number?
True
Suppose -50*q = 2*y - 48*q - 2098524, 1049267 = y - 4*q. Is y prime?
True
Let a = 36814 - 25873. Let h = a - 4232. Is h composite?
False
Is (-3)/(-24)*4 - 44628/(-16)*18 a composite number?
False
Let u = -221241 - -380338. Is u prime?
True
Suppose 0 = -25*z + 182*z - 154331. Is z prime?
True
Suppose -3*s - 2*s = -5. Suppose -n = 5*l + 9, -2*l + s - 10 = -5*n. Let h(i) = 539*i - 2. Is h(n) a prime number?
False
Suppose -46*y + t - 132956 = -47*y, -5*y + 664776 = t. Is y a composite number?
True
Is ((-21)/35)/(3/(-40)) + 1257881 prime?
False
Let r(k) = -15*k**2 - k - 47. Let o(g) = -g**2 + 1. Let c(p) = -3*o(p) - r(p). Let d be c(22). Suppose 3*f - d = 12531. Is f a prime number?
True
Let g = 52855 + 6563. Let i = g - 31999. Is i a composite number?
True
Let u = 134752 - 35229. Is u a prime number?
True
Let d = -159 - -94. Is (-2104)/(-10) - (-26)/d - -3 a composite number?
True
Let k = 6546 - 6551. Let l be 0 - (1 + -1 - -261). Is (80/12 + k)*l/(-3) composite?
True
Is ((-8334246)/(-16) - 1) + (-45)/120 prime?
True
Let g(a) = 3517*a + 2. Let z(n) = n - 1. Let h(o) = -g(o) - 3*z(o). Is h(-1) prime?
False
Let l(j) = 3*j**2 + 2*j + 1. Let w be l(-1). Suppose 0 = -q + 5*i + 48, -q - 6*i + 75 = -2*i. Suppose w*s - 43 = q. Is s a prime number?
True
Let y = 30 + -25. Suppose 5*l + 3*q + 8 = y*q, 0 = 2*q - 8. Suppose -7*d + 1196 + 575 = l. Is d prime?
False
Suppose -14*a - 58 = -100. Let m(z) = 121*z**2 - 35*z + 115. Is m(a) a prime number?
False
Let w = 18054 - 11315. Is w composite?
True
Let c(q) = -9*q + 312. Let f be c(-23). Suppose h = 2*z - 381 + 40, -3*z + 4*h = -f. Is z prime?
False
Let c(m) be the third derivative of -23*m**4/12 + 2*m**3 + 21*m**2. Let y be c(-4). Suppose -38 = -2*w - 3*o + 52, y = 4*w + 2*o. Is w a prime number?
False
Suppose 0 = 137*b - 157*b + 684460. Is b composite?
True
Suppose -132*b + 2042766 = -70950. Is b prime?
False
Let i(z) = 6749*z - 449. Is i(4) composite?
True
Let a = 105 - 108. Is a - ((-8)/(-3))/(1/(-10317)) composite?
False
Let y(i) = 1175*i**3 + i**2 - i - 1. Let z be y(2). Suppose z + 26529 = 10*w. Is w prime?
True
Suppose -b - 33*t = -32*t - 328744, -t = 7. Is b composite?
True
Let g(s) = -395*s**3 + 10*s**2 + 76*s + 177. Is g(-18) composite?
True
Suppose -3*h - 998 = -h - o, 0 = 3*o + 12. Suppose 0 = -4*d + 2*j + 3868, 0 = 5*d - 2*j - 7253 + 2418. Let a = h + d. Is a composite?
True
Let p = 10957 + -2900. Let y(h) = h**2 - 4*h - 5. Let i be y(5). Suppose i*z = 7*z - p. Is z a prime number?
True
Let x(j) = -8*j + 4. Let s be x(-13). Suppose 0 = -m + s + 16. Suppose -135 = -t + m. Is t prime?
False
Let d be 2 + 48/(-8) + 7. Suppose -y + 3*r = 2836 - 15789, 5*y - 64765 = d*r. Is y composite?
False
Is (3 - 9)/12 - (-1902387)/2 prime?
True
Let v(l) = 2*l**2 + 6*l - 20. Let a(y) = y**2 + 3*y - 10. Let i(c) = 13*a(c) - 6*v(c). Let x be i(-6). Is 66/x*32/12 a composite number?
True
Suppose -4*t = u - 18, -2*u - 6 = -4*u - 2*t. Is (965 - u) + (0 - 3) - -3 a composite number?
False
Suppose 2*q - 1492 = -p + 7695, 5*q = -p + 22960. Suppose -3*d - 3*l + 6876 = 0, d + q = 3*d - 5*l. Is d a prime number?
True
Suppose 10*i - 1210072 = 1964758. Is i a composite number?
False
Suppose 111474 = 3*j + 13*b - 16*b, 2*j - 5*b - 74310 = 0. Suppose 18*s = j + 7894. Is s prime?
True
Let h(n) = n**2 + 46*n + 53. Let i be h(-45). Let k(x) = 29*x**2 + 3*x + 1. Let d be k(6). Is d + (i/(-2) - -2) a prime number?
True
Suppose -11646712 = -36*g + 1301372. Is g a prime number?
False
Let p be (1494/12 - -2)/(1/(-2)). Let j = 806 + p. Is j composite?
True
Let w be 3/(9/66)*4. Let u be ((-30)/(-8) - (-2)/8) + 3. Suppose u*x = 3*x + w. Is x a composite number?
True
Let o = 6 - 3. Suppose -4*f + f + o*r = -6735, 3*f + r - 6735 = 0. Is f composite?
True
Suppose 18*l = -42 - 48. Is (17936/(-40) - l)*-5 prime?
False
Suppose 0*l - 5*l = 4*a - 30079257, -37599068 = -5*a - 3*l. Is a prime?
False
Suppose -3*s = 145 - 19. Let w = s + 39. Is w/(-5)*(1108 - -7) a prime number?
False
Suppose -24 = -6*h + 12. Is (h - 11)/(1/(-2099)) a prime number?
False
Let k(g) = 4*g**2 + 72*g + 3. Let v be k(-18). Let w(i) = 393*i**3 - 2*i**2 - i - 1. Is w(v) prime?
True
Let p(g) = -1. Let a(i) = i + 258. Let t(f) = a(f) - p(f). Let r be (-4)/12 + (-2)/(-6). Is t(r) prime?
False
Let f(y) = 14*y**3 + 5*y**2 - 4*y - 4. Let w = 137 - 121. Let h = 19 - w. Is f(h) composite?
True
Suppose 108*l - 214*l + 3402494 = 0. Is l a prime number?
True
Let x(a) = 15*a**3 - 16*a**2 + 21*a + 21. Let b(v) = 4*v**3 - 4*v**2 + 5*v + 6. Let f(r) = 9*b(r) - 2*x(r). Is f(5) a composite number?
False
Suppose 0 = c + 2*c - 24. Suppose -6*p = -c*p. Suppose p = 6*z - 8*z + 1366. Is z prime?
True
Is -3 - (-5)/2*2030580/225 prime?
False
Let z be ((12/(-9))/4)/(5/(-75)). Suppose -z*r - a - 61 = -r, -2*r + a = 23. Is (-15100)/r - (-6)/14 prime?
False
Let x be -2 + 0 + 7 - 0. Suppose c = -3*g + g + 9, x = c. Suppose g*k - 1370 = -0*b - b, -2*b = -2*k + 1358. Is k composite?
False
Suppose 99979 = 15*s - 15491. Is (s/12)/(7/14) composite?
False
Let p(g) = -g**3 + 21*g**2 - 14*g - 377. Is p(-28) a prime number?
True
Let w = 58816 - 30323. Is w a composite number?
False
Suppose -16*u = -38*u + 110. Is u*(-16)/200 + 8257/5 a composite number?
True
Let h = 1216 - -1639. Is h a prime number?
False
Is 78/(-2 - -8)*(13465 + -1 + -1) a composite number?
True
Let z(w) = -27*w - 208. Let d be z(42). Let b = -333 - d. Is b a composite number?
False
Let b(n) = -124*n - 1. Let p(j) = -2*j**3 + 4*j**2 + 10. Let r be p(3). Is b(r) prime?
True
Let l(v) = 14*v**2 - 120*v - 619. Is l(62) prime?
True
Let p = -119 - -116. Is ((-1)/p)/((-13)/(-160251)) composite?
True
Let s(f) = 118*f**2 + 1040*f + 35. Is s(-26) composite?
True
Is -2*19990/(-15)*(10 + 1816/32) composite?
True
Is ((-69)/9)/(((-3)/36)/((-27044)/(-16))) a composite number?
True
Let h(l) = -98*l + 991. Is h(-29) composite?
False
Let h be (-6482)/49 + 6/21. Let i be (h/21)/(6/(-21)). Is (-6)/(-4) + 19305/i a prime number?
False
Let v = 2951 - 145. Let k be 2/((-2)/(-5)) - 1. Suppose -c + 1407 = j + 3*c, -2*j - k*c + v = 0. Is j a composite number?
False
Suppose 395*m = 398*m - 30. Is (-2)/m*-5 - -4702 prime?
True
Suppose 279933 = 5*r + 2*y, 0 = -3*r - 88*y + 90*y + 167963. Is r a composite number?
False
Suppose 0 = -5*d + 25 + 5. Suppose d*p = p - 15. Is 3878/7 + (0 - p) prime?
True
Is ((-105)/(-10))/(-2 + 0)*1556988/(-9) composite?
True
Suppose 5*m = -o + 1276, 4*m = -2*o + 56 + 2478. Let t = 4484 - o. Is t a composite number?
True
Let l be 1 + -1 + (56 - (-40)/8). Suppose 64*r = l*r + 2514. Is r a composite number?
True
Let t be 0 - (-165 - 0/4). Let y = t - -4104. Suppose 844 = -5*o - 4*d + y, 5*d - 1370 = -2*o. Is o composite?
True
Let u(h) = 18*h**2 - h + 64. Let x be u(15). Let d = x - -6478. Is d a prime number?
False
Let p(f) = 12*f**2 + 210*f + 1021. Is p(-79) a prime number?
False
Let z be 13705/(-9) - (76/18 + -4). Let n = 2532 + z. Is n a prime number?
True
Let g = -6171 - -26060. Is g a prime number?
True
Let p = 1539 + -4181. Let y = 4119 + p. Suppose n + 0*h - 4*h - y = 0, 5*h - 1477 = -n. Is n composite?
True
Let j(d) = -81*d + 6. Let u be j(-2). Suppose 0 = -u*w + 176*w - 66824. Is w a composite number?
False
Suppose 191*q - 199*q + 121232 = 0. Suppose 5*c - 5*b + 4508 = 29798, -q = -3*c - b. Is c prime?
False
Suppose 4*v = 4*m + 3853540, 1028*v = 1025*v + m + 2890139. Is v a prime number?
False
Is 2/(-10) + ((-5420448)/(-20))